le of 2?
False
Is 84845 a multiple of 10?
False
Does 35 divide 58135?
True
Is 2572196 a multiple of 53?
True
Is 107 a factor of 27927?
True
Is 580 a factor of 2838711?
False
Is 78 a factor of 433785?
False
Does 393 divide 771852?
True
Is 199191 a multiple of 29?
False
Is 16818 a multiple of 16?
False
Is 11539703 a multiple of 1264?
False
Does 409 divide 2351750?
True
Is 1631840 a multiple of 10?
True
Is 18 a factor of 251172?
True
Is 47 a factor of 196802?
False
Is 4452070 a multiple of 14?
True
Is 177402 a multiple of 8?
False
Does 53 divide 16589?
True
Is 219 a factor of 10687666?
False
Is 23 a factor of 101213?
False
Does 2 divide 3112725?
False
Is 246979 a multiple of 442?
False
Is 11 a factor of 135975?
False
Is 27 a factor of 4061367?
True
Is 11 a factor of 914232?
True
Is 8 a factor of 394954?
False
Is 140 a factor of 1715840?
True
Does 28 divide 93828?
True
Does 199 divide 1352205?
True
Does 119 divide 426734?
True
Is 2614744 a multiple of 11?
True
Is 18 a factor of 119286?
True
Is 352468 a multiple of 4?
True
Is 63 a factor of 108234?
True
Is 20 a factor of 1693789?
False
Is 15 a factor of 1190130?
True
Is 163 a factor of 95192?
True
Is 624 a factor of 891696?
True
Is 137388 a multiple of 214?
True
Is 19695741 a multiple of 221?
True
Does 7 divide 190204?
True
Is 50519 a multiple of 13?
False
Is 211 a factor of 261007?
True
Is 21 a factor of 602091?
True
Is 46656 a multiple of 14?
False
Is 25515022 a multiple of 2200?
False
Is 123538 a multiple of 57?
False
Does 194 divide 6398981?
False
Does 118 divide 1294386?
False
Is 116 a factor of 39556?
True
Is 30105 a multiple of 27?
True
Is 2810522 a multiple of 233?
False
Does 3 divide 79737?
True
Does 25 divide 7475?
True
Is 45 a factor of 22529475?
True
Does 9 divide 1861095?
False
Is 248678 a multiple of 27?
False
Does 4 divide 169056?
True
Does 29 divide 180844?
True
Does 144 divide 926362?
False
Is 6130500 a multiple of 300?
True
Is 18 a factor of 1623469?
False
Does 310 divide 288300?
True
Is 6 a factor of 55388?
False
Is 4052692 a multiple of 255?
False
Is 119952 a multiple of 18?
True
Is 1576637 a multiple of 19?
False
Is 3734484 a multiple of 10?
False
Is 12035519 a multiple of 128?
False
Does 91 divide 664755?
True
Is 2 a factor of 148497?
False
Is 200 a factor of 184600?
True
Does 12 divide 273447?
False
Is 150 a factor of 57583?
False
Is 648958 a multiple of 17?
True
Is 154 a factor of 8394970?
False
Does 2 divide 8774?
True
Is 11 a factor of 139725?
False
Is 511 a factor of 952011?
False
Does 3 divide 10656534?
True
Is 152526 a multiple of 6?
True
Is 148801 a multiple of 201?
False
Is 207 a factor of 1318044?
False
Does 12 divide 227338?
False
Is 95601 a multiple of 125?
False
Does 262 divide 782093?
False
Is 1427856 a multiple of 24?
True
Is 5 a factor of 576715?
True
Is 125 a factor of 3797875?
True
Is 2984600 a multiple of 14?
False
Does 95 divide 241585?
True
Is 112 a factor of 439488?
True
Is 376068 a multiple of 4?
True
Is 14 a factor of 387927?
False
Does 5 divide 313055?
True
Is 1827586 a multiple of 21?
False
Is 172 a factor of 45240?
False
Does 7 divide 3472455?
True
Is 1450555 a multiple of 95?
True
Does 54 divide 48600?
True
Is 9337752 a multiple of 18?
True
Is 24 a factor of 862584?
True
Does 63 divide 73710?
True
Is 160 a factor of 1230080?
True
Does 106 divide 763942?
True
Is 251029 a multiple of 62?
False
Does 330 divide 11646360?
True
Is 3 a factor of 1772211?
True
Does 574 divide 664118?
True
Is 2644 a factor of 24086840?
True
Is 24 a factor of 939624?
True
Is 5507975 a multiple of 25?
True
Is 130 a factor of 96850?
True
Is 906907 a multiple of 22?
False
Is 397 a factor of 176268?
True
Is 10 a factor of 9929377?
False
Does 129 divide 51084?
True
Does 613 divide 639359?
True
Is 487944 a multiple of 486?
True
Is 79761 a multiple of 7?
False
Is 46 a factor of 35032?
False
Is 61 a factor of 6027532?
True
Is 453358 a multiple of 462?
False
Does 68 divide 395488?
True
Does 40 divide 46800?
True
Is 9945534 a multiple of 246?
True
Does 21 divide 830185?
False
Does 23 divide 181447?
True
Is 62 a factor of 2732402?
True
Is 15341564 a multiple of 7?
True
Is 5232809 a multiple of 15?
False
Does 100 divide 28762500?
True
Is 843 a factor of 3670422?
True
Does 5 divide 277143?
False
Does 75 divide 187640?
False
Is 51 a factor of 189873?
True
Does 50 divide 896450?
True
Is 29420 a multiple of 5?
True
Does 6 divide 47501?
False
Is 32 a factor of 2443965?
False
Is 301872 a multiple of 8?
True
Is 49118 a multiple of 6?
False
Does 13 divide 57967?
True
Does 18 divide 54720?
True
Is 132384 a multiple of 4?
True
Is 19167671 a multiple of 44?
False
Is 13 a factor of 132282?
False
Is 48 a factor of 8133270?
False
Is 678993 a multiple of 1043?
True
Does 16 divide 688809?
False
Is 688 a factor of 1038192?
True
Is 25 a factor of 3327375?
True
Is 16 a factor of 8534851?
False
Is 89 a factor of 3516835?
True
Is 9368988 a multiple of 12?
True
Is 451369 a multiple of 41?
True
Does 14 divide 28274526?
True
Is 51 a factor of 2075139?
True
Does 69 divide 10626?
True
Is 113357 a multiple of 13?
False
Is 8543139 a multiple of 6?
False
Is 89 a factor of 1612995?
False
Does 942 divide 178980?
True
Is 15 a factor of 1026118?
False
Does 98 divide 947758?
True
Does 792 divide 15791688?
True
Is 858 a factor of 1361191?
False
Is 8760934 a multiple of 94?
False
Is 406700 a multiple of 490?
True
Does 202 divide 2403396?
True
Does 108 divide 15148471?
False
Does 84 divide 151294?
False
Does 181 divide 227879?
True
Does 272 divide 97988?
False
Is 16012971 a multiple of 117?
True
Is 74 a factor of 3527728?
True
Is 30548 a multiple of 94?
False
Is 120 a factor of 697080?
True
Is 439 a factor of 177998?
False
Is 2 a factor of 1292971?
False
Does 5 divide 572075?
True
Is 157 a factor of 657516?
True
Is 1244844 a multiple of 18?
True
Is 2205258 a multiple of 608?
False
Does 89 divide 1398809?
False
Is 61921 a multiple of 19?
True
Does 23 divide 999557?
True
Is 26 a factor of 17799?
False
Is 4136 a multiple of 3?
False
Does 40 divide 3312792?
False
Does 240 divide 2362080?
True
Is 354480 a multiple of 105?
True
Is 584 a factor of 410729?
False
Is 6 a factor of 116760?
True
Does 65 divide 12061040?
False
Is 1715814 a multiple of 174?
True
Does 1436 divide 21387784?
True
Does 4 divide 318996?
True
Does 35 divide 77665?
True
Does 92 divide 546831?
False
Is 160 a factor of 1593600?
True
Is 1225908 a multiple of 18?
True
Does 14 divide 5238?
False
Does 33 divide 1460277?
False
Is 452 a factor of 641550?
False
Is 163275 a multiple of 75?
True
Is 42 a factor of 3533753?
False
Does 14 divide 4775876?
True
Is 471 a factor of 173457?
False
Is 36517 a multiple of 109?
False
Is 36350 a multiple of 14?
False
Does 44 divide 10560?
True
Does 779 divide 2553562?
True
Is 16 a factor of 27952?
True
Is 158536 a multiple of 2?
True
Is 29190 a multiple of 42?
True
Is 7 a factor of 768793?
False
Is 41 a factor of 733594?
False
Is 811 a factor of 9138788?
False
Is 1118313 a multiple of 13?
False
Does 82 divide 369734?
False
Is 5 a factor of 14229?
False
Is 349120 a multiple of 19?
False
Does 8 divide 78288?
True
Is 206313 even?
False
Is 58882 a multiple of 3?
False
Does 20 divide 8698520?
True
Is 25 a factor of 103950?
True
Is 3062122 a multiple of 6?
False
Does 139 divide 168190?
True
Is 299816 a multiple of 88?
True
Is 50663 a multiple of 124?
False
Is 309654 a multiple of 18?
True
Is 168516 a multiple of 31?
True
Is 602843 a multiple of 57?
False
Does 73 divide 721605?
True
Does 216 divide 77053?
False
Is 262 a factor of 12811014?
True
Is 199 a factor of 2482371?
False
Is 135696 a multiple of 48?
True
Is 754969 a multiple of 31?
False
Does 17 divide 490824?
True
Is 154 a factor of 1458380?
True
Does 1081 divide 5420134?
True
Is 26 a factor of 632138?
True
Is 663 a factor of 718692?
True
Does 47 divide 157121?
True
Is 9 a factor of 539896?
False
Does 1096 divide 9664528?
True
Does 137 divide 287015?
True
Does 75 divide 16164975?
True
Is 216748 a multiple of 450?
False
Does 317 divide 140964?
False
Is 359 a factor of 451313?
False
Is 510 a factor of 3948972?
False
Is 145 a factor of 818280?
False
Does 65 divide 639778?
False
Is 92 a factor of 612444?
True
Does 871 divide 4481295?
True
Is 6133398 a multiple of 197?
True
Is 27 a fa